9?
4b8
In base 12, what is a822b0 + -1?
a822ab
In base 2, what is -100 + 11100101000001?
11100100111101
In base 10, what is 6 + -1182495?
-1182489
In base 10, what is 1484 + 236?
1720
In base 5, what is 1 - -1430423?
1430424
In base 13, what is 1 - -964c?
9650
In base 8, what is 2 + -13604?
-13602
In base 7, what is -166 + -415?
-614
In base 5, what is -14 + 2004232?
2004213
In base 12, what is -47678 + 1?
-47677
In base 6, what is -4 + -21000?
-21004
In base 12, what is 1b176 + -3?
1b173
In base 7, what is 10 - -34502?
34512
In base 15, what is -4dd1 + -98?
-4e79
In base 5, what is -11 - 23232343?
-23232404
In base 12, what is -1bbb65 - 10?
-1bbb75
In base 12, what is -4 + -107467?
-10746b
In base 16, what is -9 + 46?
3d
In base 13, what is 8 - -240a?
2415
In base 8, what is -5 - -10203?
10176
In base 10, what is 37 + -41576?
-41539
In base 5, what is -2030100 + 20?
-2030030
In base 11, what is -58 - -27aa?
2752
In base 4, what is 233 - -3102?
10001
In base 2, what is 1001111 + -11011010110?
-11010000111
In base 3, what is 100202122 + 22112?
101002011
In base 9, what is 342 + -1453?
-1111
In base 14, what is 230a2 - d?
23093
In base 4, what is -203 - 1133321?
-1200130
In base 12, what is -2a6 - 76?
-360
In base 13, what is a + a1ba?
a1c7
In base 10, what is 9 + -32877?
-32868
In base 3, what is 122020121 + -2?
122020112
In base 10, what is -493361 - -5?
-493356
In base 16, what is -2 - -7d446?
7d444
In base 14, what is -15 + d46?
d31
In base 15, what is 2 - 78383?
-78381
In base 5, what is -20212204 - -3?
-20212201
In base 5, what is -224244 - 140?
-224434
In base 8, what is 113 - 31131?
-31016
In base 15, what is -e - -1b1cd?
1b1be
In base 7, what is -1621 + 123?
-1465
In base 6, what is -23244 - -3?
-23241
In base 12, what is 1403 + 48?
144b
In base 8, what is 42 + 5375?
5437
In base 7, what is 4 - 21354?
-21350
In base 15, what is 550 + -3c?
513
In base 4, what is -1211 + -21320?
-23131
In base 14, what is -10acc - 3?
-10ad1
In base 9, what is -25 + -142?
-167
In base 16, what is 42 + 759?
79b
In base 7, what is -26154 + -1?
-26155
In base 11, what is -235 + 3a20?
3796
In base 5, what is 3342 + -1324?
2013
In base 3, what is -1212111220 - -1220?
-1212110000
In base 15, what is 2 + 48e5?
48e7
In base 13, what is 4c5 - -6?
4cb
In base 7, what is 4154535 + 1?
4154536
In base 16, what is -9312 - 5?
-9317
In base 4, what is 3230023 - 0?
3230023
In base 4, what is 20202103 - 111?
20201332
In base 7, what is 43 - -2363?
2436
In base 3, what is -112210120010 - 11?
-112210120021
In base 10, what is 6 + -1846?
-1840
In base 11, what is 32119 - 4?
32115
In base 2, what is -101110110111 - -100?
-101110110011
In base 9, what is -21 - -205?
174
In base 4, what is -103322 - -230233?
120311
In base 9, what is -618350 + 11?
-618338
In base 8, what is -630474 + 11?
-630463
In base 10, what is -220224 - 0?
-220224
In base 9, what is 3 + -1767256?
-1767253
In base 12, what is -b3218 - -5?
-b3213
In base 6, what is -1525 + -1055?
-3024
In base 12, what is -4 + 2891?
2889
In base 13, what is 444 - -431?
875
In base 7, what is -212646 + -14?
-212663
In base 16, what is 20 + 317f?
319f
In base 16, what is 19e - 86?
118
In base 13, what is -63 + 9?
-57
In base 16, what is 1 - 743?
-742
In base 11, what is 6 + -44142?
-44137
In base 12, what is -2 - -99b?
999
In base 11, what is 11966 + 42?
119a8
In base 8, what is 1 - -205763?
205764
In base 11, what is 8 + -6324a?
-63242
In base 7, what is -453 - 32461?
-33244
In base 16, what is -3 + -2af1?
-2af4
In base 8, what is -13636 - -2?
-13634
In base 4, what is -11 - -13003021?
13003010
In base 11, what is 3 + 50378?
50380
In base 6, what is -105454 + 14?
-105440
In base 7, what is -1 + -1530541?
-1530542
In base 10, what is 52449 - 17?
52432
In base 12, what is -2965 + -68?
-2a11
In base 13, what is -8670 + -11?
-8681
In base 3, what is -20112 + -22?
-20211
In base 8, what is -3777 + 367?
-3410
In base 7, what is 4 + -42543?
-42536
In base 7, what is 1646 - -26?
2005
In base 9, what is 102 - 118?
-16
In base 12, what is 3b + -53?
-14
In base 13, what is 5ba96 + -3?
5ba93
In base 13, what is a - 4098c?
-40982
In base 8, what is 71736 - -5?
71743
In base 4, what is -112232 + 2?
-112230
In base 7, what is -2215 + 2541?
323
In base 4, what is 1223 + 102203?
110032
In base 2, what is 10 - -111011010010010101?
111011010010010111
In base 13, what is 5a + -29a?
-240
In base 9, what is 3304840 - 5?
3304834
In base 16, what is 3098d - -4?
30991
In base 9, what is -2 + 1505?
1503
In base 15, what is d3a + 39?
d74
In base 12, what is -2 + -391b0a?
-391b10
In base 12, what is -2 + 3ab48?
3ab46
In base 13, what is 122 + 199c?
1ac1
In base 8, what is 1650062 - 6?
1650054
In base 16, what is -1285 + -43?
-12c8
In base 16, what is 1f - -e87?
ea6
In base 15, what is 108 - -543?
64b
In base 13, what is 5 - 113566?
-113561
In base 2, what is 1101001 + -11110010000000?
-11110000010111
In base 11, what is a949 + -18?
a931
In base 10, what is -4 + -20450?
-20454
In base 3, what is -21021 - -220021121?
220000100
In base 5, what is 1241 - 314214?
-312423
In base 14, what is -37 - 322?
-359
In base 11, what is 7 - -162?
169
In base 15, what is -c + -7aca?
-7ad7
In base 2, what is -1001 - -11011011100111?
11011011011110
In base 8, what is 62362 + 1?
62363
In base 11, what is 1837a5 + -12?
183793
In base 11, what is 2a28 - 48?
2990
In base 6, what is -12 + -302053?
-302105
In base 14, what is 14252 - 0?
14252
In base 14, what is 70 - -36aa?
373a
In base 10, what is 1 - -111464?
111465
In base 3, what is 12 + -2222000220?
-2222000201
In base 10, what is -32916 + 3?
-32913
In base 14, what is 10c + 3b9?
4c7
In base 15, what is 24ad + -79?
2434
In base 8, what is 77 + 336?
435
In base 6, what is 1314 - -1131?
2445
In base 11, what is 35 + 2458?
2492
In base 9, what is -1180 + -37?
-1227
In base 14, what is 4 + bb9b?
bba1
In base 5, what is 0 - 20404403?
-20404403
In base 8, what is 5 + 30171?
30176
In base 9, what is 180460 - -22?
180482
In base 3, what is -111220011022 - -110?
-111220010212
In base 10, what is -444 + -114?
-558
In base 7, what is -1030 + 12666?
11636
In base 5, what is 22 + 11444?
12021
In base 9, what is 1 - -11662?
11663
In base 3, what is -1111022101 - 1112?
-1111100220
In base 3, what is 2201201022 + -110?
2201200212
In base 9, what is -4 + 178248?
178244
In base 6, what is 12 + -1305?
-1253
In base 8, what is -27 + 31756?
31727
In base 13, what is 946514 + 0?
946514
In base 14, what is 17 - 118cc?
-118b5
In base 13, what is 636c - -8c?
642b
In base 13, what is 13354 - 6?
1334b
In base 14, what is -98 - -1d6?
13c
In base 12, what is 2b10 + -73?
2a59
In base 16, what is -33 + 2d7?
2a4
In base 8, what is 56 + -4072?
-4014
In base 12, what is 10b + -1?
10a
In base 7, what is 360030 - -53?
360113
In base 6, what is 2000 - -21?
2021
In base 12, what is -3 + -1a4718?
-1a471b
In base 12, what is -371a + -2?
-3720
In base 14, what is -a2 + 3dd1?
3d2d
In base 13, what is -1 - 19718a?
-19718b
In base 6, what is -25442 - -20?
-25422
In base 6, what is -140112 - -1?
-140111
In base 10, what is 2 - -7651?
7653
In base 15, what is -3 + -50e7?
-50ea
In base 12, what is 68 - -32612?
3267a
In base 3, what is 10 - -2011221001?
2011221011
In base 6, what is -4321 - 54?
-4415
In base 3, what is -112212 - -2002010?
1112021
In base 3, what is 1211 - 12020?
-10102
In base 2, what is -1101000000 + -1101100000?
-11010100000
In base 10, what is -3 + -34056?
-34059
In base 15, what is -a + -6de?
-6e9
In base 6, what is 0 - -1431552?
1431552
In base 10, what is -50340 + -152?
-50492
In base 10, what is 12776 + -5?
12771
In base 16, what is 1 - 328?
-327
In base 13, what is 2 + -a035?
-a033
In base 14, what is -2016 + 8?
-200c
In base 5, what is 110 - 40300?
-40140
In base 2, what is -1001000111011000101110 + -100?
-1001000111011000110010
In base 3, what is -1022002100 + 1011?
-1022001012
In base 9, what is -1007 + 22?
-875
In base 5, what is -31 - 42434?
-43020
In base 2, what is 100000110100101010100 + 101?
100000110100101011001
In base 7, what is -42044 + 133?
-41611
In base 15, what is -11a237 + 1?
-11a236
In base 9, what is -224 - 120?
-344
In base 10, what is 562 - -584?
1146
In base 9, what is 4 + -436832?
-436827
In base 15, what is -1a64c8 + 